{"id":37,"date":"2021-01-08T13:54:09","date_gmt":"2021-01-08T12:54:09","guid":{"rendered":"https:\/\/vm-weblerma.obspm.fr\/dcornu\/?page_id=37"},"modified":"2026-02-17T14:55:13","modified_gmt":"2026-02-17T13:55:13","slug":"conferences-workshops","status":"publish","type":"page","link":"https:\/\/vm-weblerma.obspm.fr\/dcornu\/conferences-workshops\/","title":{"rendered":"Conferences"},"content":{"rendered":"<div class=\"wp-block-image is-resized\">\n<figure class=\"aligncenter size-large\"><img loading=\"lazy\" decoding=\"async\" width=\"1414\" height=\"758\" src=\"https:\/\/vm-weblerma.obspm.fr\/dcornu\/files\/2021\/01\/Image_soutenance2.png\" alt=\"PhD defense in Besan\u00e7on Observatory, September 2020\" class=\"wp-image-83\" \/><\/figure><\/div>\n\n\n<h2 class=\"wp-block-heading\"><strong>Scientific events organization<\/strong><\/h2>\n\n\n\n<p>I co-organized the <a aria-label=\"MINERVA seminar at (s\u2019ouvre dans un nouvel onglet)\" href=\"https:\/\/vm-weblerma.obspm.fr\/minerva\/workshops-and-seminars\/\" target=\"_blank\" rel=\"noreferrer noopener\">MINERVA seminar cycles<\/a> at the Paris Observatory from 2020 to 2023.<br>All the previous interventions are available on the <a aria-label=\"MINERVA-live (s\u2019ouvre dans un nouvel onglet)\" href=\"https:\/\/www.youtube.com\/channel\/UCj-6wN4RoCktmIpxm6X3K1A\" target=\"_blank\" rel=\"noreferrer noopener\">MINERVA-live<\/a> YouTube channel.<strong><br><br>Member of the SOC for:<\/strong><br>&#8211; <strong>Organizer of the CIANNA workshop 2025,<\/strong><a href=\"https:\/\/ciannadays.sciencesconf.org\/\" target=\"_blank\" rel=\"noreferrer noopener\"><strong> <\/strong>website<\/a>.<br>&#8211; <strong>SF2A 2025<\/strong>, session \u00ab\u00a0Exploring the frontiers of astrophysics with machine learning: New methods and current challenges\u00a0\u00bb, Toulouse, FR<\/p>\n\n\n\n<hr class=\"wp-block-separator has-css-opacity is-style-wide\" \/>\n\n\n\n<h2 class=\"wp-block-heading\">International Symposiums<\/h2>\n\n\n\n<p class=\"has-small-font-size\">&#8211; [upcoming 06\/2026] I<strong>nvited Seminar &#8211; IAU Astrostatistic Astroinformatics seminar<\/strong>, online<br>&#8211; [upcoming 05\/2026] <strong>Invited Talks &#8211;<\/strong> <strong>SKA: An observatory for the entire community<\/strong><br>&#8211; <strong>LOFAR Family Meeting 2025<\/strong>, <a href=\"https:\/\/indico.lofar.eu\/event\/24\/overview\" target=\"_blank\" rel=\"noreferrer noopener\">website<\/a>, Paris, FR, <a href=\"https:\/\/indico.lofar.eu\/event\/24\/contributions\/219\/attachments\/310\/602\/7.Cornu_David_lfm2025%20(3).pdf\" target=\"_blank\" rel=\"noreferrer noopener\">slides<\/a><br>&#8211; <strong>Swiss SKA-days 2024,<\/strong> <a href=\"https:\/\/indico.skatelescope.org\/event\/1146\/\" target=\"_blank\" rel=\"noreferrer noopener\">website<\/a>, Geneva, CH, <a href=\"https:\/\/indico.skatelescope.org\/event\/1146\/contributions\/10852\/attachments\/9869\/17295\/DCornu_swiss_ska_days_2024.pdf\" target=\"_blank\" rel=\"noreferrer noopener\">slides<\/a><br>&#8211; <strong>Invited talk and panelist &#8211; AI for Radioastronomy at Chalmers 2024,<\/strong> <a href=\"https:\/\/www.chalmers.se\/en\/current\/calendar\/ai-for-radioastronomy\/\" target=\"_blank\" rel=\"noreferrer noopener\">website<\/a>, Goteborg, SE, <a href=\"https:\/\/share.obspm.fr\/s\/NQM6Y2ypfzpwejQ\" target=\"_blank\" rel=\"noreferrer noopener\">slides<\/a><br>&#8211; <strong>Invited talk &#8211;<\/strong> <strong><strong>EAS 2022 &#8211; SS23<\/strong><\/strong>: <strong>Towards the SKA Observatory: Artificial Intelligence in radio astronomy<\/strong>, <a href=\"https:\/\/eas.unige.ch\/EAS_meeting\/session.jsp?id=SS23\" target=\"_blank\" rel=\"noreferrer noopener\">website<\/a>, Valencia, ES<br>&#8211; <strong>Invited talk &#8211;<\/strong> <strong><strong>ML4Astro<\/strong><\/strong> <strong>2022<\/strong>: <strong>International Conference on Machine Learning for Astrophysics<\/strong>, <a href=\"https:\/\/indico.ict.inaf.it\/event\/1692\/\" target=\"_blank\" rel=\"noreferrer noopener\">website<\/a>, Catania, IT, <a href=\"https:\/\/share.obspm.fr\/s\/8x3fb56XJcYABDS\" target=\"_blank\" rel=\"noreferrer noopener\">slides<\/a><br>&#8211; <strong>ML-IAP 2021: Debating the potential of ML in astronomical surveys<\/strong>, <a href=\"https:\/\/ml-iap2021.sciencesconf.org\/program\" target=\"_blank\" rel=\"noreferrer noopener\">program<\/a>, Paris, FR, <a href=\"https:\/\/www.youtube.com\/watch?v=f0mc70Utjlc&amp;list=PLUgAV7nixQ3_qyFJM8XCjsrIhr3RL02oA&amp;index=69\" target=\"_blank\" rel=\"noreferrer noopener\">video<\/a><br>&#8211; <strong>IEEE Whispers 2019: Hyperspectral Imaging and Signal Processing<\/strong>, <a aria-label=\"program (s\u2019ouvre dans un nouvel onglet)\" href=\"http:\/\/www.ieee-whispers.com\/wp-content\/uploads\/2019\/09\/Whispers_Program_2019.pdf\" target=\"_blank\" rel=\"noreferrer noopener\">program<\/a>, Amsterdam, NL, <a href=\"https:\/\/www.eso.org\/sci\/meetings\/2019\/AIA2019\/PDF\/Contributed\/Cornu.pdf\">slides<\/a> <br>&#8211; <strong>ESO &#8211; Artificial Intelligence in Astronomy 2019<\/strong>, <a aria-label=\"program (s\u2019ouvre dans un nouvel onglet)\" href=\"https:\/\/www.eso.org\/sci\/meetings\/2019\/AIA2019\/program.html\" target=\"_blank\" rel=\"noreferrer noopener\">program<\/a>, Garching, DE, <a href=\"https:\/\/www.eso.org\/sci\/meetings\/2019\/AIA2019\/PDF\/Contributed\/Cornu.pdf\">slides<\/a><br>&#8211; <strong>European Week of Astronomy and Space Science 2019<\/strong>, <a aria-label=\"website (s\u2019ouvre dans un nouvel onglet)\" href=\"https:\/\/eas.unige.ch\/EWASS2019\/\" target=\"_blank\" rel=\"noreferrer noopener\">website<\/a>, Lyon, FR, <a href=\"http:\/\/ewass.kuoni-congress.info\/2019\/programme\/pdf\/paperToPdf.php?id=631\">slides<\/a> and <a aria-label=\"poster (s\u2019ouvre dans un nouvel onglet)\" href=\"http:\/\/k-poster.kuoni-congress.info\/ewass2019\/poster\/a220c3ca-1a58-49f6-a305-b8ba23f91bce\" target=\"_blank\" rel=\"noreferrer noopener\">poster<\/a><br>&#8211; <strong>European Week of Astronomy and Space Science 2018<\/strong>, session <a aria-label=\"website (s\u2019ouvre dans un nouvel onglet)\" href=\"http:\/\/ascl.net\/wordpress\/2018\/05\/29\/software-in-astronomy-symposium-presentations-part-5\/\" target=\"_blank\" rel=\"noreferrer noopener\">website<\/a>, Liverpool, UK, <a href=\"http:\/\/ascl.net\/wordpress\/wp-content\/uploads\/2018\/05\/cornu_ewass18.pdf\">slides<\/a><\/p>\n\n\n\n<h2 class=\"wp-block-heading\">Smaller international audience<br>(or international large work-group meetings)<\/h2>\n\n\n\n<p class=\"has-small-font-size\">&#8211; <strong>Deep Learning for 3D hyperspectral data workshop,<\/strong> (11\/2024), ENS Lyon, <a href=\"https:\/\/deeplearning3d.sciencesconf.org\/?lang=en\" target=\"_blank\" rel=\"noreferrer noopener\">website<\/a>, <a href=\"https:\/\/share.obspm.fr\/s\/ccFsAgSQY6NaLJQ\" target=\"_blank\" rel=\"noreferrer noopener\">slides<\/a>, FR<br>&#8211; <strong>AstroRadio France, towards the SKA, 2024, <\/strong>(11\/2024), ENS Paris, <a href=\"https:\/\/astroradiofr24.sciencesconf.org\/\" target=\"_blank\" rel=\"noreferrer noopener\">website<\/a>, <a href=\"https:\/\/as-ska-lofar.notion.site\/YOLO-CIANNA-Galaxy-detection-with-deep-learning-in-radio-data-application-to-the-SKAO-SDCs-c45a6e6238f948a4a6a6112accd57fcf\" data-type=\"link\" data-id=\"https:\/\/file.notion.so\/f\/f\/ad1115e3-5acb-47d3-b00e-ba6efce06ac7\/de1d161a-18a0-4077-a0d1-0aec7f63f383\/DCornu_astroradiofr_2024.pdf?table=block&amp;id=13c479f3-870d-803c-88dc-ef5192f9a07a&amp;spaceId=ad1115e3-5acb-47d3-b00e-ba6efce06ac7&amp;expirationTimestamp=1731686400000&amp;signature=DnKARSHTrpIELLv_3PanZ6AaS4EjY-_lYllYsoOo-os&amp;downloadName=DCornu_astroradiofr_2024.pdf\" target=\"_blank\" rel=\"noreferrer noopener\">slides<\/a>, FR<br>&#8211; <strong>AI for astrochemistry workshop<\/strong> (10\/2024), LAB, <strong><a href=\"https:\/\/share.obspm.fr\/s\/yDWdXEkRgCg3RP7\" target=\"_blank\" rel=\"noreferrer noopener\">talk presenting CIANNA<\/a><\/strong>, Bordeaux, FR<br>&#8211; <strong>AISSAI<\/strong> <strong>workshop 2024 &#8211; Heterogeneous data and large representation models in science<\/strong>, <a href=\"https:\/\/indico.in2p3.fr\/event\/33412\/contributions\/143447\/\" target=\"_blank\" rel=\"noreferrer noopener\">website<\/a>, <a href=\"https:\/\/indico.in2p3.fr\/event\/33412\/contributions\/143447\/attachments\/87188\/131584\/DCornu_AISSAI_2024.pdf\" target=\"_blank\" rel=\"noreferrer noopener\">slides<\/a>, Toulouse, FR<br>&#8211;<strong> Invited talk &#8211; Sacl-AI 4 Science 2024<\/strong>, <a href=\"https:\/\/indico.mathrice.fr\/event\/554\/\" target=\"_blank\" rel=\"noreferrer noopener\">website,<\/a> <a href=\"https:\/\/share.obspm.fr\/s\/7ETGJfpwkBno8NJ\" target=\"_blank\" rel=\"noreferrer noopener\">slides<\/a>, Saclay, FR<br>&#8211; <strong>Workshop: Astrochemistry &#8211;<\/strong> <strong>Linking the hot core and hot corino phenomena II, 2022,<\/strong> talk in session \u00ab\u00a0SKA and analysis tools\u00a0\u00bb, <a href=\"https:\/\/share.obspm.fr\/s\/LC2CPGNT39mesbT\" target=\"_blank\" rel=\"noreferrer noopener\">slides<\/a>, Bordeau, FR<br>&#8211; <strong>Workshop: Pattern recognition in multi-wavelength astronomical data for SKA and its pathfinders<\/strong> <strong>2021<\/strong>, <a href=\"https:\/\/minerva-astro.obspm.fr\/workshops\/\" target=\"_blank\" rel=\"noreferrer noopener\">website<\/a>, talk, co-organized by MINERVA, remote<br>&#8211; <strong>Public PhD defense, 2020,<\/strong> international Jury, Besan\u00e7on Observatory, FR<br>&#8211; <strong>Galactic Cold Cores meeting 2019<\/strong>, talk, Budapest, HU<br>&#8211; <strong>Galactic Cold Cores meeting 2018<\/strong>, <a aria-label=\"program (s\u2019ouvre dans un nouvel onglet)\" href=\"http:\/\/www.interstellarmedium.org\/Besancon2018\/\" target=\"_blank\" rel=\"noreferrer noopener\">program<\/a>, <a href=\"http:\/\/www.interstellarmedium.org\/Besancon2018\/GCC_2018_Cornu.pdf\" target=\"_blank\" rel=\"noreferrer noopener\">slides<\/a>, Besan\u00e7on, FR<\/p>\n\n\n\n<h2 class=\"wp-block-heading\">French national or regional manifestations<br>(most interventions in English)<\/h2>\n\n\n\n<p class=\"has-small-font-size\">&#8211; <strong>S\u00e9minaire \u00ab\u00a0Scattering club\u00a0\u00bb ENS<\/strong> Paris (02\/2026), en ligne<br>&#8211; <strong>S\u00e9minaire Observatoire de Strasbourg<\/strong> (03\/2025), <a href=\"https:\/\/share.obspm.fr\/s\/4Ybg5YTTcsnjMMK\" target=\"_blank\" rel=\"noreferrer noopener\">slides\/presentation<\/a>, FR<br>&#8211; <strong>API GGS workshop<\/strong> 2024 (10\/2024), pr\u00e9sentation, Observatoire de Paris, FR<br>&#8211; <strong>AG ECLAT 2024<\/strong> (03\/2024), pr\u00e9sentation, Observatoire de Paris, FR<br>&#8211; <strong>S\u00e9minaire LAB<\/strong> (09\/2022), <a href=\"https:\/\/share.obspm.fr\/s\/bq8LbS9rnrAB35a\">pr\u00e9sentation<\/a>, Bordeaux, FR<br>&#8211; <strong>Journ\u00e9es de la SF2A<\/strong> (06\/2022) &#8211; <strong>S21 Le renouveau de la radio-astronomie et SKA<\/strong>, <a href=\"https:\/\/journees.sf2a.eu\/ateliers\/s21-as-ska-lofar\/\" target=\"_blank\" rel=\"noreferrer noopener\">programme<\/a>, pr\u00e9sentation, Besan\u00e7on, FR<br>&#8211; <strong>S\u00e9minaire GIPSA-lab,<\/strong> (04\/2022), Grenoble, FR<br>&#8211; <strong>S\u00e9minaire GalCosmo (Joint GEPI\/LERMA\/LUTH )<\/strong>, (10\/2021), en ligne, FR, <a href=\"https:\/\/su.obspm.fr\/joint-seminars-gepi-lerma-luth\/\" target=\"_blank\" rel=\"noreferrer noopener\">video<\/a><br>&#8211; <strong>S\u00e9minaire Observatoire de Besan\u00e7on<\/strong>, (10\/2021), FR<br>&#8211; <strong>S\u00e9minaire HRAA<\/strong> <strong>du LESIA<\/strong> (04\/2021), en ligne, FR<br>&#8211; <strong>Journ\u00e9es Calcul et Donn\u00e9es 2020<\/strong>, <a aria-label=\"programme (s\u2019ouvre dans un nouvel onglet)\" href=\"https:\/\/jcad2020.sciencesconf.org\/resource\/page\/id\/7\" target=\"_blank\" rel=\"noreferrer noopener\">programme<\/a>, en ligne, <a aria-label=\"pr\u00e9sentation (s\u2019ouvre dans un nouvel onglet)\" href=\"https:\/\/jcad2020.sciencesconf.org\/data\/Presentation_courte_Orateur_Cornu_David_Cartographie_de_la.pdf\" target=\"_blank\" rel=\"noreferrer noopener\">pr\u00e9sentation<\/a> et <a aria-label=\"video (s\u2019ouvre dans un nouvel onglet)\" href=\"https:\/\/jcad2020.sciencesconf.org\/resource\/page\/id\/7\" target=\"_blank\" rel=\"noreferrer noopener\">video<\/a>, FR<br>&#8211; <strong>S\u00e9minaire MINERVA<\/strong>, (11\/2020), <a aria-label=\"annonce (s\u2019ouvre dans un nouvel onglet)\" href=\"https:\/\/vm-weblerma.obspm.fr\/minerva\/workshops-and-seminars\/\" target=\"_blank\" rel=\"noreferrer noopener\">annonce<\/a>, en ligne, <a aria-label=\"rediffusion (s\u2019ouvre dans un nouvel onglet)\" href=\"https:\/\/www.youtube.com\/watch?v=qZLeggFkIR0\" target=\"_blank\" rel=\"noreferrer noopener\">rediffusion<\/a> (en anglais)<br>&#8211; <strong>Physique et Chimie du Milieu Interstellaire &#8211; biennal 2020<\/strong>, <a href=\"https:\/\/pcmi2020lehavre.sciencesconf.org\/program\" target=\"_blank\" rel=\"noreferrer noopener\">programme<\/a>, en ligne, <a aria-label=\"pr\u00e9sentation (s\u2019ouvre dans un nouvel onglet)\" href=\"https:\/\/pcmi2020lehavre.sciencesconf.org\/\" target=\"_blank\" rel=\"noreferrer noopener\">pr\u00e9sentation<\/a> et vid\u00e9o, FR<br>&#8211; <strong>Semi-Hackathon de l\u2019Action Sp\u00e9cifique Observatoires Virtuels (ASOV) France 2020<\/strong>, <a aria-label=\"programme (s\u2019ouvre dans un nouvel onglet)\" href=\"http:\/\/www.france-ov.org\/twiki\/bin\/view\/Reunions\/CalendrierASOV\" target=\"_blank\" rel=\"noreferrer noopener\">programme<\/a>, atelier, <a aria-label=\"ressources (s\u2019ouvre dans un nouvel onglet)\" href=\"https:\/\/github.com\/Deyht\/ASOV_2020\" target=\"_blank\" rel=\"noreferrer noopener\">ressources<\/a> de l&rsquo;atelier, Paris FR<br>&#8211; <strong>CNES &#8211; Journ\u00e9es Jeunes Chercheurs 2<\/strong>, programme, pr\u00e9sentation et <a aria-label=\"poster (s\u2019ouvre dans un nouvel onglet)\" href=\"http:\/\/cnes-jc2.fr\/wp-content\/uploads\/s7_04_cornu_david.pdf\" target=\"_blank\" rel=\"noreferrer noopener\">poster<\/a>, Toulouse, FR<br>&#8211; <strong>Journ\u00e9es de la Soci\u00e9t\u00e9 Fran\u00e7aise d\u2019Astronomie et d\u2019Astrophysique 2019 &#8211; session PCMI<\/strong>, <a aria-label=\"programme (s\u2019ouvre dans un nouvel onglet)\" href=\"https:\/\/sf2a.eu\/semaine-sf2a\/2019\/list_presentations.php?lang=fr\" target=\"_blank\" rel=\"noreferrer noopener\">programme<\/a>, Nice, FR, pr\u00e9sentation et \u00ab\u00a0<a aria-label=\"proceeding (s\u2019ouvre dans un nouvel onglet)\" href=\"https:\/\/ui.adsabs.harvard.edu\/abs\/2019sf2a.conf...73C\/abstract\" target=\"_blank\" rel=\"noreferrer noopener\">proceeding<\/a>\u00ab\u00a0<br>&#8211; <strong>Artificial Intelligence and Physics<\/strong>, (05\/2019), <a href=\"https:\/\/physai.sciencesconf.org\/data\/program\/poster_conferenza_2.pdf\" target=\"_blank\" rel=\"noreferrer noopener\">programme<\/a>, <a aria-label=\"poster (s\u2019ouvre dans un nouvel onglet)\" href=\"https:\/\/physai.sciencesconf.org\/data\/program\/poster_conferenza_2.pdf\" target=\"_blank\" rel=\"noreferrer noopener\">poster<\/a> identique \u00e0 Astrosim, Paris-Saclay LAL, FR<br>&#8211; <strong>OSU THETA &#8211; journ\u00e9e th\u00e9matique Big Data<\/strong>, (11\/2018), pr\u00e9sentation locale, Besan\u00e7on, FR<br>&#8211; <strong>Astrosim 2018<\/strong>, <a aria-label=\"programme (s\u2019ouvre dans un nouvel onglet)\" href=\"https:\/\/astrosimconf.sciencesconf.org\/resource\/page\/id\/3\" target=\"_blank\" rel=\"noreferrer noopener\">programme<\/a>, <a aria-label=\"poster (s\u2019ouvre dans un nouvel onglet)\" href=\"http:\/\/astrosimconf.sciencesconf.org\/data\/pages\/poster_astrosim18_DCornu.pdf\" target=\"_blank\" rel=\"noreferrer noopener\">poster<\/a> et pr\u00e9sentation flash, ENS Lyon, FR<br>&#8211; <strong>Physique et Chimie du Milieu Interstellaire &#8211; biennal 2018<\/strong>, <a aria-label=\"site web (s\u2019ouvre dans un nouvel onglet)\" href=\"https:\/\/pcmimarseille18.sciencesconf.org\/\" target=\"_blank\" rel=\"noreferrer noopener\">site web<\/a>, <a aria-label=\"poster (s\u2019ouvre dans un nouvel onglet)\" href=\"http:\/\/astrosimconf.sciencesconf.org\/data\/pages\/poster_astrosim18_DCornu.pdf\" target=\"_blank\" rel=\"noreferrer noopener\">poster<\/a> et flash, Marseille, FR.<em> Le m\u00eame poster a re\u00e7u le prix du \u00ab\u00a0<strong>meilleur poster de Physique\u00a0\u00bb<\/strong> aux journ\u00e9es de l\u2019ED Carnot-Pasteur.<\/em><\/p>\n","protected":false},"excerpt":{"rendered":"<p>Scientific events organization I co-organized the MINERVA seminar cycles at the Paris Observatory from 2020 to 2023.All the previous interventions are available on the MINERVA-live YouTube channel. Member of the SOC for:&#8211; Organizer of the CIANNA workshop 2025, website.&#8211; SF2A &hellip; <a href=\"https:\/\/vm-weblerma.obspm.fr\/dcornu\/conferences-workshops\/\">Continuer la lecture <span class=\"meta-nav\">&rarr;<\/span><\/a><\/p>\n","protected":false},"author":37,"featured_media":0,"parent":0,"menu_order":0,"comment_status":"closed","ping_status":"closed","template":"","meta":{"footnotes":""},"class_list":["post-37","page","type-page","status-publish","hentry"],"_links":{"self":[{"href":"https:\/\/vm-weblerma.obspm.fr\/dcornu\/wp-json\/wp\/v2\/pages\/37","targetHints":{"allow":["GET"]}}],"collection":[{"href":"https:\/\/vm-weblerma.obspm.fr\/dcornu\/wp-json\/wp\/v2\/pages"}],"about":[{"href":"https:\/\/vm-weblerma.obspm.fr\/dcornu\/wp-json\/wp\/v2\/types\/page"}],"author":[{"embeddable":true,"href":"https:\/\/vm-weblerma.obspm.fr\/dcornu\/wp-json\/wp\/v2\/users\/37"}],"replies":[{"embeddable":true,"href":"https:\/\/vm-weblerma.obspm.fr\/dcornu\/wp-json\/wp\/v2\/comments?post=37"}],"version-history":[{"count":82,"href":"https:\/\/vm-weblerma.obspm.fr\/dcornu\/wp-json\/wp\/v2\/pages\/37\/revisions"}],"predecessor-version":[{"id":692,"href":"https:\/\/vm-weblerma.obspm.fr\/dcornu\/wp-json\/wp\/v2\/pages\/37\/revisions\/692"}],"wp:attachment":[{"href":"https:\/\/vm-weblerma.obspm.fr\/dcornu\/wp-json\/wp\/v2\/media?parent=37"}],"curies":[{"name":"wp","href":"https:\/\/api.w.org\/{rel}","templated":true}]}}